{"id":94,"date":"2016-10-10T15:47:08","date_gmt":"2016-10-10T13:47:08","guid":{"rendered":"http:\/\/www.winzerhotel-storr.de\/fgrut\/?page_id=94"},"modified":"2026-01-02T16:20:34","modified_gmt":"2026-01-02T15:20:34","slug":"weinproben","status":"publish","type":"page","link":"https:\/\/www.winzerhotel-storr.de\/fgrut\/weinproben\/","title":{"rendered":"Weinproben und Weineinkauf ab Hof"},"content":{"rendered":"\n<style type=\"text\/css\" data-created_by=\"avia_inline_auto\" id=\"style-css-av-252ge-3975bb84401c8de8142d9fcd6b6d81f0\">\n#top .av-special-heading.av-252ge-3975bb84401c8de8142d9fcd6b6d81f0{\npadding-bottom:10px;\n}\nbody .av-special-heading.av-252ge-3975bb84401c8de8142d9fcd6b6d81f0 .av-special-heading-tag .heading-char{\nfont-size:25px;\n}\n.av-special-heading.av-252ge-3975bb84401c8de8142d9fcd6b6d81f0 .av-subheading{\nfont-size:15px;\n}\n<\/style>\n<div  class='av-special-heading av-252ge-3975bb84401c8de8142d9fcd6b6d81f0 av-special-heading-h1  avia-builder-el-0  el_before_av_heading  avia-builder-el-first '><h1 class='av-special-heading-tag'  itemprop=\"headline\"  >Weinproben und Weineinkauf ab Hof<\/h1><div class=\"special-heading-border\"><div class=\"special-heading-inner-border\"><\/div><\/div><\/div>\n\n<style type=\"text\/css\" data-created_by=\"avia_inline_auto\" id=\"style-css-av-ltsi5trr-0b0c423c5d82843da016a43db7c7bf7d\">\n#top .av-special-heading.av-ltsi5trr-0b0c423c5d82843da016a43db7c7bf7d{\npadding-bottom:10px;\n}\nbody .av-special-heading.av-ltsi5trr-0b0c423c5d82843da016a43db7c7bf7d .av-special-heading-tag .heading-char{\nfont-size:25px;\n}\n.av-special-heading.av-ltsi5trr-0b0c423c5d82843da016a43db7c7bf7d .av-subheading{\nfont-size:15px;\n}\n<\/style>\n<div  class='av-special-heading av-ltsi5trr-0b0c423c5d82843da016a43db7c7bf7d av-special-heading-h3  avia-builder-el-1  el_after_av_heading  el_before_av_textblock '><h3 class='av-special-heading-tag'  itemprop=\"headline\"  >Weinproben<\/h3><div class=\"special-heading-border\"><div class=\"special-heading-inner-border\"><\/div><\/div><\/div>\n<section  class='av_textblock_section av-1ewxy-cf919daed9a008de6763959206dbf1d5 '   itemscope=\"itemscope\" itemtype=\"https:\/\/schema.org\/CreativeWork\" ><div class='avia_textblock'  itemprop=\"text\" ><p>Verkostet und kommentiert werden hochkar\u00e4tige Weine verschiedener Lagen, Rebsorten, Jahrg\u00e4nge und Pr\u00e4dikate des Weinguts Storr. Jede Weinprobe wird individuell vereinbart. Dazu wird Wei\u00dfbrot gereicht.<\/p>\n<p>Weinprobe mit 6 Weinen 14 \u20ac \/ Person<br \/>\nWeinprobe mit 8 Weinen 18 \u20ac \/ Person<\/p>\n<\/div><\/section>\n<\/div><\/div><\/div><!-- close content main div --><\/div><\/div><div   class='avia-fullscreen-slider main_color   avia-builder-el-3  el_after_av_textblock  el_before_av_heading  slider-not-first container_wrap sidebar_right'  ><div  class='avia-slideshow av-ltsi3p1t-89738f5c2525d0d7b7105a7141e17a7c avia-slideshow-extra_large av_fullscreen avia-slide-slider av-slideshow-ui av-control-default av-slideshow-manual av-loop-once av-loop-manual-endless av-default-height-applied   avia-slideshow-1' data-slideshow-options=\"{&quot;animation&quot;:&quot;slide&quot;,&quot;autoplay&quot;:false,&quot;loop_autoplay&quot;:&quot;once&quot;,&quot;interval&quot;:5,&quot;loop_manual&quot;:&quot;manual-endless&quot;,&quot;autoplay_stopper&quot;:false,&quot;noNavigation&quot;:false,&quot;bg_slider&quot;:true,&quot;keep_padding&quot;:false,&quot;hoverpause&quot;:false,&quot;show_slide_delay&quot;:0,&quot;slide_height&quot;:&quot;100&quot;,&quot;image_attachment&quot;:&quot;&quot;}\"  itemprop=\"image\" itemscope=\"itemscope\" itemtype=\"https:\/\/schema.org\/ImageObject\" ><ul class='avia-slideshow-inner ' style='padding-bottom: 66.666666666667%;'><li style='background-position:center center;' data-img-url='https:\/\/www.winzerhotel-storr.de\/fgrut\/wp-content\/uploads\/2024\/03\/weinglaeser.jpg' class='avia-slideshow-slide av-ltsi3p1t-89738f5c2525d0d7b7105a7141e17a7c__0  av-single-slide slide-1 slide-odd'><div data-rel='slideshow-1' class='avia-slide-wrap '   ><\/div><\/li><\/ul><\/div><\/div><div id='after_full_slider_1'  class='main_color av_default_container_wrap container_wrap sidebar_right'  ><div class='container av-section-cont-open' ><div class='template-page content  av-content-small alpha units'><div class='post-entry post-entry-type-page post-entry-94'><div class='entry-content-wrapper clearfix'>\n\n<style type=\"text\/css\" data-created_by=\"avia_inline_auto\" id=\"style-css-av-27d3e-7324b85a3579c91bcb18f12a35c22b3a\">\n#top .av-special-heading.av-27d3e-7324b85a3579c91bcb18f12a35c22b3a{\npadding-bottom:10px;\n}\nbody .av-special-heading.av-27d3e-7324b85a3579c91bcb18f12a35c22b3a .av-special-heading-tag .heading-char{\nfont-size:25px;\n}\n.av-special-heading.av-27d3e-7324b85a3579c91bcb18f12a35c22b3a .av-subheading{\nfont-size:15px;\n}\n<\/style>\n<div  class='av-special-heading av-27d3e-7324b85a3579c91bcb18f12a35c22b3a av-special-heading-h3  avia-builder-el-4  el_after_av_fullscreen  el_before_av_slideshow_full  avia-builder-el-no-sibling '><h3 class='av-special-heading-tag'  itemprop=\"headline\"  >Weinprobe im Kaminzimmer<\/h3><div class=\"special-heading-border\"><div class=\"special-heading-inner-border\"><\/div><\/div><\/div>\n<\/div><\/div><\/div><!-- close content main div --><\/div><\/div><div id='full_slider_1'  class='avia-fullwidth-slider main_color avia-shadow   avia-builder-el-5  el_after_av_heading  el_before_av_heading   slider-not-first container_wrap sidebar_right'  ><div  class='avia-slideshow av-ltsnmol9-4bba29ee559de6a48b1373934e35d26b avia-slideshow-no scaling av_slideshow_full avia-slide-slider av-slideshow-ui av-control-default av-slideshow-manual av-loop-once av-loop-manual-endless av-default-height-applied   avia-slideshow-2' data-slideshow-options=\"{&quot;animation&quot;:&quot;slide&quot;,&quot;autoplay&quot;:false,&quot;loop_autoplay&quot;:&quot;once&quot;,&quot;interval&quot;:5,&quot;loop_manual&quot;:&quot;manual-endless&quot;,&quot;autoplay_stopper&quot;:false,&quot;noNavigation&quot;:false,&quot;bg_slider&quot;:false,&quot;keep_padding&quot;:false,&quot;hoverpause&quot;:false,&quot;show_slide_delay&quot;:0}\"  itemprop=\"image\" itemscope=\"itemscope\" itemtype=\"https:\/\/schema.org\/ImageObject\" ><ul class='avia-slideshow-inner ' style='padding-bottom: 66.666666666667%;'><li  class='avia-slideshow-slide av-ltsnmol9-4bba29ee559de6a48b1373934e35d26b__0  av-single-slide slide-1 slide-odd'><div data-rel='slideshow-2' class='avia-slide-wrap '   ><img decoding=\"async\" fetchpriority=\"high\" class=\"wp-image-457 avia-img-lazy-loading-not-457\"  src=\"https:\/\/www.winzerhotel-storr.de\/fgrut\/wp-content\/uploads\/2024\/03\/weinprobe_kaminzimmer.jpg\" width=\"1500\" height=\"1000\" title='weinprobe_kaminzimmer' alt=''  itemprop=\"thumbnailUrl\" srcset=\"https:\/\/www.winzerhotel-storr.de\/fgrut\/wp-content\/uploads\/2024\/03\/weinprobe_kaminzimmer.jpg 1500w, https:\/\/www.winzerhotel-storr.de\/fgrut\/wp-content\/uploads\/2024\/03\/weinprobe_kaminzimmer-300x200.jpg 300w, https:\/\/www.winzerhotel-storr.de\/fgrut\/wp-content\/uploads\/2024\/03\/weinprobe_kaminzimmer-1030x687.jpg 1030w, https:\/\/www.winzerhotel-storr.de\/fgrut\/wp-content\/uploads\/2024\/03\/weinprobe_kaminzimmer-768x512.jpg 768w, https:\/\/www.winzerhotel-storr.de\/fgrut\/wp-content\/uploads\/2024\/03\/weinprobe_kaminzimmer-705x470.jpg 705w\" sizes=\"(max-width: 1500px) 100vw, 1500px\" \/><\/div><\/li><\/ul><\/div><\/div><div id='after_full_slider_1'  class='main_color av_default_container_wrap container_wrap sidebar_right'  ><div class='container av-section-cont-open' ><div class='template-page content  av-content-small alpha units'><div class='post-entry post-entry-type-page post-entry-94'><div class='entry-content-wrapper clearfix'>\n\n<style type=\"text\/css\" data-created_by=\"avia_inline_auto\" id=\"style-css-av-o8ra-892c94c44fab815f1ce704cce5189045\">\n#top .av-special-heading.av-o8ra-892c94c44fab815f1ce704cce5189045{\npadding-bottom:10px;\n}\nbody .av-special-heading.av-o8ra-892c94c44fab815f1ce704cce5189045 .av-special-heading-tag .heading-char{\nfont-size:25px;\n}\n.av-special-heading.av-o8ra-892c94c44fab815f1ce704cce5189045 .av-subheading{\nfont-size:15px;\n}\n<\/style>\n<div  class='av-special-heading av-o8ra-892c94c44fab815f1ce704cce5189045 av-special-heading-h3  avia-builder-el-6  el_after_av_slideshow_full  el_before_av_textblock  avia-builder-el-first '><h3 class='av-special-heading-tag'  itemprop=\"headline\"  >Weinl\u00e4dchen<\/h3><div class=\"special-heading-border\"><div class=\"special-heading-inner-border\"><\/div><\/div><\/div>\n<section  class='av_textblock_section av-ltsi6qd1-d385feb57c8e28d28104dcfac3ed2aff '   itemscope=\"itemscope\" itemtype=\"https:\/\/schema.org\/CreativeWork\" ><div class='avia_textblock'  itemprop=\"text\" ><p>Im Innenhof gibt es ein kleines Weinl\u00e4dchen. Dort sind alle Weine ausgestellt und k\u00f6nnen auf Wunsch mit Beratung probiert werden, um die richtige Wahl beim Kauf zu treffen.<\/p>\n<p><b>\u00d6ffnungszeiten:\u00a0<\/b><br \/>\nGanzj\u00e4hrig: montags bis samstags von 8:00 Uhr bis 18:00 Uhr<br \/>\nSonntags von 9:00 Uhr bis 12:00 Uhr und nach Vereinbarung<\/p>\n<\/div><\/section>\n\n<style type=\"text\/css\" data-created_by=\"avia_inline_auto\" id=\"style-css-av-ltsnq06g-4bc3c3a11ca302168b7256edecc581a4\">\n#top .av-special-heading.av-ltsnq06g-4bc3c3a11ca302168b7256edecc581a4{\npadding-bottom:10px;\n}\nbody .av-special-heading.av-ltsnq06g-4bc3c3a11ca302168b7256edecc581a4 .av-special-heading-tag .heading-char{\nfont-size:25px;\n}\n.av-special-heading.av-ltsnq06g-4bc3c3a11ca302168b7256edecc581a4 .av-subheading{\nfont-size:15px;\n}\n<\/style>\n<div  class='av-special-heading av-ltsnq06g-4bc3c3a11ca302168b7256edecc581a4 av-special-heading-h3  avia-builder-el-8  el_after_av_textblock  el_before_av_textblock '><h3 class='av-special-heading-tag'  itemprop=\"headline\"  >Planwagenfahrten<\/h3><div class=\"special-heading-border\"><div class=\"special-heading-inner-border\"><\/div><\/div><\/div>\n<section  class='av_textblock_section av-ltsnqg9f-23179140711256738bd43d2ef49898eb '   itemscope=\"itemscope\" itemtype=\"https:\/\/schema.org\/CreativeWork\" ><div class='avia_textblock'  itemprop=\"text\" ><p>Planwagenfahrten sind bei jedem Wetter eine Alternative oder Erg\u00e4nzung zum Weinbergsrundgang. Die Fahrt durch die Dautenheimer Weinberge und die Gemarkung dauert etwa eineinhalb Stunden. Dabei erfahren Sie begleitend kommentiert alles \u00fcber den Vegetationsstand, die Umgebung, Weinlagen und Rebsorten, Bodenunterschiede, Anbaumethoden und Details aus der historisch besonders gut erschlossenen Ortsgeschichte Dautenheims.<span class=\"Apple-converted-space\">\u00a0<\/span><\/p>\n<p>Pro Person 14,- \u20ac, bei einer Teilnehmerzahl von unter 10 Personen berechnen wir pauschal 140,- \u20ac.<\/p>\n<p>Gerne k\u00f6nnen Sie auch Getr\u00e4nke und einen Imbiss dazubuchen.<\/p>\n<\/div><\/section>\n","protected":false},"excerpt":{"rendered":"","protected":false},"author":1,"featured_media":0,"parent":0,"menu_order":0,"comment_status":"closed","ping_status":"closed","template":"","meta":{"footnotes":""},"class_list":["post-94","page","type-page","status-publish","hentry"],"_links":{"self":[{"href":"https:\/\/www.winzerhotel-storr.de\/fgrut\/wp-json\/wp\/v2\/pages\/94","targetHints":{"allow":["GET"]}}],"collection":[{"href":"https:\/\/www.winzerhotel-storr.de\/fgrut\/wp-json\/wp\/v2\/pages"}],"about":[{"href":"https:\/\/www.winzerhotel-storr.de\/fgrut\/wp-json\/wp\/v2\/types\/page"}],"author":[{"embeddable":true,"href":"https:\/\/www.winzerhotel-storr.de\/fgrut\/wp-json\/wp\/v2\/users\/1"}],"replies":[{"embeddable":true,"href":"https:\/\/www.winzerhotel-storr.de\/fgrut\/wp-json\/wp\/v2\/comments?post=94"}],"version-history":[{"count":20,"href":"https:\/\/www.winzerhotel-storr.de\/fgrut\/wp-json\/wp\/v2\/pages\/94\/revisions"}],"predecessor-version":[{"id":2252,"href":"https:\/\/www.winzerhotel-storr.de\/fgrut\/wp-json\/wp\/v2\/pages\/94\/revisions\/2252"}],"wp:attachment":[{"href":"https:\/\/www.winzerhotel-storr.de\/fgrut\/wp-json\/wp\/v2\/media?parent=94"}],"curies":[{"name":"wp","href":"https:\/\/api.w.org\/{rel}","templated":true}]}}