{"id":330,"date":"2024-01-22T10:36:34","date_gmt":"2024-01-22T10:36:34","guid":{"rendered":""},"modified":"2024-03-21T09:07:29","modified_gmt":"2024-03-21T08:07:29","slug":"widerrufsbelehrung1","status":"publish","type":"page","link":"https:\/\/www.winzerhotel-storr.de\/fgrut\/widerrufsbelehrung1\/","title":{"rendered":"Widerrufsbelehrung"},"content":{"rendered":"<p>Verkaufsbedingungen<\/p>\n<p>Bei Selbstabholung verg\u00fcten wir bei einer Mindestabnahme von 12 Flaschen einen Nachla\u00df von 0,15 EURO je Flasche.<br \/>\nDer Versand erfolgt im 12er Einwegkarton per Deutschem Paketdienst (DPD) f\u00fcr 6.00 EURO incl. Verpackung und Transportversicherung. Bei Mindermengen mit weniger als 12 Flaschen berechnen wir eine Versandkostenpausche von 7.00 Euro. Dabei k\u00f6nnen Sie aus der Weinliste frei w\u00e4hlen.<br \/>\nZahlung innerhalb 14 Tagen netto Kasse. Die Ware bleibt bis zur vollst\u00e4ndigen Bezahlung unser Eigentum.<br \/>\nLeergut nehmen wir zur\u00fcck.<br \/>\nAngebot und Zustandekommen des Vertrages<br \/>\nAlle Angebote sind freibleibend, solange der Vorrat reicht. Ein verbindlicher Kaufvertrag kommt bei allen Formen der Bestellung (insbesondere solchen, die schriftlich, per Telefax, telefonisch oder \u00fcber das Internet erfolgen) erst mit der Anlieferung der Ware beim Kunden zustande. Die Auslieferung unserer Weine erfolgt durch Post, DPD oder Spedition Gew\u00e4hrleistung<\/p>\n<p>Die Rechte des Kunden bei mangelhafter Lieferung richten sich nach den gesetzlichen Bestimmungen. Weinsteinausf\u00e4llungen sind naturbedingt und stellen keinen Mangel dar.<\/p>\n<p>Widerrufsrecht<br \/>\nSie haben das Recht, binnen vierzehn Tagen ohne Angabe von Gr\u00fcnden diesen Vertrag zu widerrufen.<br \/>\nDie Widerrufsfrist betr\u00e4gt vierzehn Tage ab dem Tag, an dem Sie oder ein von Ihnen benannter Dritter, der nicht der Bef\u00f6rderer ist, die Waren in Besitz genommen haben bzw. hat.<br \/>\nUm Ihr Widerrufsrecht auszu\u00fcben, m\u00fcssen Sie uns<br \/>\nWeingut Storr<br \/>\nWesthofer Stra\u00dfe 1<br \/>\nD-55232 Alzey-Dautenheim<\/p>\n<p>E-Mail: Winzerhotel.Storr@t-online.de<br \/>\nFax: 06131 \/ 42680<\/p>\n<p>mittels einer eindeutigen Erkl\u00e4rung (z.B. ein mit der Post versandter Brief, Telefax oder E-Mail) \u00fcber Ihren Entschluss, diesen Vertrag zu widerrufen, informieren. Sie k\u00f6nnen daf\u00fcr das beigef\u00fcgte Muster-Widerrufsformular verwenden, das jedoch nicht vorgeschrieben ist.<br \/>\nZur Wahrung der Widerrufsfrist reicht es aus, dass Sie die Mitteilung \u00fcber die Aus\u00fcbung des Widerrufsrechts vor Ablauf der Widerrufsfrist absenden.<\/p>\n<p>Folgen des Widerrufs:<br \/>\nWenn Sie diesen Vertrag widerrufen, haben wir Ihnen alle Zahlungen, die wir von Ihnen erhalten haben, einschlie\u00dflich der Lieferkosten (mit Ausnahme der zus\u00e4tzlichen Kosten, die sich daraus ergeben, dass Sie eine andere Art der Lieferung als die von uns angebotene, g\u00fcnstigste Standardlieferung gew\u00e4hlt haben), unverz\u00fcglich und sp\u00e4testens binnen vierzehn Tagen ab dem Tag zur\u00fcckzuzahlen, an dem die Mitteilung \u00fcber Ihren Widerruf dieses Vertrags bei uns eingegangen ist. F\u00fcr diese R\u00fcckzahlung verwenden wir dasselbe Zahlungsmittel, das Sie bei der urspr\u00fcnglichen Transaktion eingesetzt haben, es sei denn, mit Ihnen wurde ausdr\u00fccklich etwas anderes vereinbart; in keinem Fall werden Ihnen wegen dieser R\u00fcckzahlung Entgelte berechnet. Wir k\u00f6nnen die R\u00fcckzahlung verweigern, bis wir die Waren wieder zur\u00fcckerhalten haben oder bis Sie den Nachweis erbracht haben, dass Sie die Waren zur\u00fcckgesandt haben, je nachdem, welches der fr\u00fchere Zeitpunkt ist.<br \/>\nSie haben die Waren unverz\u00fcglich und in jedem Fall sp\u00e4testens binnen vierzehn Tagen ab dem Tag, an dem Sie uns \u00fcber den Widerruf dieses Vertrags unterrichten, an uns zur\u00fcckzusenden oder zu \u00fcbergeben. Die Frist ist gewahrt, wenn Sie die Waren vor Ablauf der Frist von vierzehn Tagen absenden.<br \/>\nSie tragen die unmittelbaren Kosten der R\u00fccksendung der Waren.<br \/>\nSie m\u00fcssen f\u00fcr einen etwaigen Wertverlust der Waren nur aufkommen, wenn dieser Wertverlust auf einen zur Pr\u00fcfung der Beschaffenheit, Eigenschaften und Funktionsweise der Waren nicht notwendigen Umgang mit ihnen zur\u00fcckzuf\u00fchren ist.<\/p>\n<p>Datenschutz und Speicherung des Vertragstextes<br \/>\nDer Vertragstext wird bei uns nach Vertragsschluss gespeichert. Ein unmittelbarer Zugriff des Kunden auf die gespeicherten Daten ist nicht m\u00f6glich. Auf Wunsch erh\u00e4lt der Kunde jedoch jederzeit eine Kopie der gespeicherten Vertragsdaten. Wir sichern zu, dass die Kundendaten entsprechend den geltenden datenschutzrechtlichen Bestimmungen vertraulich behandelt werden.<\/p>\n<p>Anzuwendendes Recht<br \/>\nDas Vertragsverh\u00e4ltnis unterliegt dem Recht der Bundesrepublik Deutschland unter Ausschluss des UN-Kaufrechts.<\/p>\n<p>Datenschutz<br \/>\nS\u00e4mtliche auf der Website von winzerhotel.com erhobenen pers\u00f6nlichen Daten werden ausschliesslich zu Ihrer individuellen Betreuung gespeichert und verarbeitet. Wir sichern Ihnen zu, dass Ihre Angaben entsprechend den geltenden datenschutzrechtlichen Bestimmungen vertraulich behandelt werden. Um Ihre Bestellung abwickeln und ausliefern zu k\u00f6nnen, geben wir Ihre Daten nur an den jeweils mit der Auslieferung beauftragten Lieferdienst weiter. Sollten Sie eine \u00e4nderung oder L\u00f6schung Ihrer Daten w\u00fcnschen, senden Sie bitte eine Email an uns.<br \/>\nVerbraucherinformationen und Widerrufsbelehrung<br \/>\nSoweit Sie beim Besuch auf unserer Homepage Waren bestellen, m\u00f6chten wir Sie auf Folgendes hinweisen:<br \/>\n(1) Die f\u00fcr den Vertragsabschluss zur Verf\u00fcgung stehende Sprache ist ausschlie\u00dflich Deutsch.<br \/>\n(2) Die wesentlichen Merkmale der von uns angebotenen Waren sowie die G\u00fcltigkeitsdauer befristeter Angebote entnehmen Sie bitte den einzelnen Produktbeschreibungen im Rahmen unseres Internetangebots.<br \/>\n(3) Die Pr\u00e4sentation unserer Waren stellt kein bindendes Angebot unsererseits dar. Erst die Bestellung einer Ware durch Sie ist ein bindendes Angebot nach \u00a7 145 BGB. Im Falle der Annahme dieses Angebot versenden wir an Sie eine Auftragsbest\u00e4tigung per e-Mail. Damit kommt der Kaufvertrag zwischen Ihnen und uns zustande.<br \/>\n(4) Etwaige Eingabefehler bei Abgabe Ihrer Bestellung k\u00f6nnen Sie bei der abschlie\u00dfenden Best\u00e4tigung vor der Kasse erkennen und mit Hilfe der L\u00f6sch- und \u00c4nderungsfunktion vor Absendung der Bestellung jederzeit korrigieren.<br \/>\n(5) Sollte die von Ihnen bestellte Ware nicht verf\u00fcgbar sein, behalten wir uns vor, die Leistung nicht zu erbringen.<br \/>\n(6) Die von uns angegebenen Preise verstehen sich als Endpreise inklusive Steuern zzgl. Versandkosten. In Ihrem Warenkorb werden die gesetzlichen MwSt. sowie die anfallenden Versandkosten vor der Bestellung betragsm\u00e4\u00dfig ausgewiesen.<br \/>\n(7) Der Kaufpreis wird sofort mit Waren- und Rechnungszugang f\u00e4llig. Im Falle der Erstbestellung wird der Kaufpreis unmittelbar mit Rechnungszugang f\u00e4llig; die Ware wird erst nach Zahlung ausgeliefert (Vorkasse). Die Zahlung der Ware erfolgt mittels Bank\u00fcberweisung auf unser in der Rechnung angegebenes Konto.<br \/>\n(8) Sie haben ein Widerrufsrecht:<br \/>\n\u00a7 4 Widerrufsbelehrung<br \/>\nWiderrufsrecht<br \/>\nSie haben das Recht, binnen vierzehn Tagen ohne Angabe von Gr\u00fcnden diesen Vertrag zu widerrufen.<br \/>\nDie Widerrufsfrist betr\u00e4gt vierzehn Tage ab dem Tag, an dem Sie oder ein von Ihnen benannter Dritter, der nicht der Bef\u00f6rderer ist, die Waren in Besitz genommen haben bzw. hat.<br \/>\nUm Ihr Widerrufsrecht auszu\u00fcben, m\u00fcssen Sie uns<\/p>\n<p>Weingut Storr<br \/>\nWesthofer Stra\u00dfe 1<br \/>\nD-55232 Alzey-Dautenheim<\/p>\n<p>E-Mail: Winzerhotel.Storr@t-online.de<br \/>\nFax: 06131 \/ 42680<\/p>\n<p>mittels einer eindeutigen Erkl\u00e4rung (z.B. ein mit der Post versandter Brief, Telefax oder E-Mail) \u00fcber Ihren Entschluss, diesen Vertrag zu widerrufen, informieren. Sie k\u00f6nnen daf\u00fcr das beigef\u00fcgte Muster-Widerrufsformular verwenden, das jedoch nicht vorgeschrieben ist.<br \/>\nZur Wahrung der Widerrufsfrist reicht es aus, dass Sie die Mitteilung \u00fcber die Aus\u00fcbung des Widerrufsrechts vor Ablauf der Widerrufsfrist absenden.<\/p>\n<p>Folgen des Widerrufs:<br \/>\nWenn Sie diesen Vertrag widerrufen, haben wir Ihnen alle Zahlungen, die wir von Ihnen erhalten haben, einschlie\u00dflich der Lieferkosten (mit Ausnahme der zus\u00e4tzlichen Kosten, die sich daraus ergeben, dass Sie eine andere Art der Lieferung als die von uns angebotene, g\u00fcnstigste Standardlieferung gew\u00e4hlt haben), unverz\u00fcglich und sp\u00e4testens binnen vierzehn Tagen ab dem Tag zur\u00fcckzuzahlen, an dem die Mitteilung \u00fcber Ihren Widerruf dieses Vertrags bei uns eingegangen ist. F\u00fcr diese R\u00fcckzahlung verwenden wir dasselbe Zahlungsmittel, das Sie bei der urspr\u00fcnglichen Transaktion eingesetzt haben, es sei denn, mit Ihnen wurde ausdr\u00fccklich etwas anderes vereinbart; in keinem Fall werden Ihnen wegen dieser R\u00fcckzahlung Entgelte berechnet. Wir k\u00f6nnen die R\u00fcckzahlung verweigern, bis wir die Waren wieder zur\u00fcckerhalten haben oder bis Sie den Nachweis erbracht haben, dass Sie die Waren zur\u00fcckgesandt haben, je nachdem, welches der fr\u00fchere Zeitpunkt ist.<br \/>\nSie haben die Waren unverz\u00fcglich und in jedem Fall sp\u00e4testens binnen vierzehn Tagen ab dem Tag, an dem Sie uns \u00fcber den Widerruf dieses Vertrags unterrichten, an uns zur\u00fcckzusenden oder zu \u00fcbergeben. Die Frist ist gewahrt, wenn Sie die Waren vor Ablauf der Frist von vierzehn Tagen absenden.<br \/>\nSie tragen die unmittelbaren Kosten der R\u00fccksendung der Waren.<br \/>\nSie m\u00fcssen f\u00fcr einen etwaigen Wertverlust der Waren nur aufkommen, wenn dieser Wertverlust auf einen zur Pr\u00fcfung der Beschaffenheit, Eigenschaften und Funktionsweise der Waren nicht notwendigen Umgang mit ihnen zur\u00fcckzuf\u00fchren ist.<\/p>\n<p>Der Widerruf ist zu richten an:<\/p>\n<p>Weingut Storr<br \/>\nWesthofer Stra\u00dfe 1<br \/>\nD-55232 Alzey-Dautenheim<\/p>\n<p>E-Mail: Winzerhotel.Storr@t-online.de<br \/>\nFax: 06131 \/ 42680<\/p>\n<p>Ende der Widerrufsbelehrung<\/p>\n<p>Keine Abmahnung ohne vorherigen Kontakt ! Sollten irgendwelche Inhalte oder die Gestaltung von Teilen oder ganzen Seiten dieses Onlineportals Rechte Dritter oder gesetzliche Bestimmungen verletzen oder anderweitig in irgendeiner Form wettbewerbsrechtliche Probleme entstehen, so bitten wir unter Berufung auf \u00a7 8 Abs. 4 UWG um eine angemessene, erl\u00e4uternde und schnelle Nachricht ohne Kostennote. Wir garantieren, dass die nach Pr\u00fcfung zu Recht beanstandeten Passagen oder Teile dieser Webseiten in angemessener Frist entfernt bzw. den rechtlichen Vorgaben angepasst werden, ohne dass von Ihrer Seite die Einschaltung eines Rechtsbeistandes erforderlich ist. Die Einschaltung eines Anwaltes zu f\u00fcr den Dienste-Anbieter kostenpflichtigen Abmahnung entspricht nicht dessen wirklichen oder mutma\u00dflichen Willen und w\u00fcrde damit einen Versto\u00df gegen \u00a7 13 Abs. 5 UWG wegen der Verfolgung sachfremder Ziele als beherrschendes Motiv der Verfahrenseinleitung, insbesondere einer Kostenerzielungsabsicht als eigentliche Triebfeder sowie einen Versto\u00df gegen die Schadensminderungspflicht darstellen. Hinsichtlich der Inhalte in den bereitgestellten Mitglieder- und Interessenten\/Kundenaccounts nehmen wir als Dienst-Anbieter die Haftungsprivilegien nach \u00a7 5 Nr. 3 TDG bzw. nach \u00a7 11 TDG in Anspruch.<\/p>\n<p>Online-Plattform zu au\u00dfergerichtlichen Schlichtung:<br \/>\nAls Onlineh\u00e4ndler sind wir (Weingut Storr) verpflichtet, Sie auf die Plattform zur Online-Streitbeilegung (OS) der Europ\u00e4ischen Kommission hinzuweisen. Diese ist \u00fcber die folgende Internetadresse erreichbar:http:\/\/ec.europa.eu\/consumers\/odr\/.<\/p>\n<p>Verantwortlich:<br \/>\nUmsatzsteuer-Identifikationsnummer gemaess Paragraf 27 a Umsatzsteuergesetz: DE 237051772<\/p>\n<p>Aufsichtsbeh\u00f6rde:<br \/>\nMinisterium f\u00fcr Wirtschaft, Verkehr, Landwirtschaft und Weinbau, Stiftstr. 9, 55116 Mainz.<br \/>\nLandwirtschaftskammer Rheinland-Pfalz, Burgenlandstr. 7, 55543 Bad Kreuznach<br \/>\ngesetzliche Grundlage: Weingesetz &#8222;;<\/p>\n","protected":false},"excerpt":{"rendered":"<p>Verkaufsbedingungen Bei Selbstabholung verg\u00fcten wir bei einer Mindestabnahme von 12 Flaschen einen Nachla\u00df von 0,15 EURO je Flasche. Der Versand erfolgt im 12er Einwegkarton per Deutschem Paketdienst (DPD) f\u00fcr 6.00 EURO incl. Verpackung und Transportversicherung. Bei Mindermengen mit weniger als 12 Flaschen berechnen wir eine Versandkostenpausche von 7.00 Euro. Dabei k\u00f6nnen Sie aus der Weinliste [&hellip;]<\/p>\n","protected":false},"author":1,"featured_media":0,"parent":0,"menu_order":0,"comment_status":"closed","ping_status":"closed","template":"","meta":{"footnotes":""},"class_list":["post-330","page","type-page","status-publish","hentry"],"_links":{"self":[{"href":"https:\/\/www.winzerhotel-storr.de\/fgrut\/wp-json\/wp\/v2\/pages\/330","targetHints":{"allow":["GET"]}}],"collection":[{"href":"https:\/\/www.winzerhotel-storr.de\/fgrut\/wp-json\/wp\/v2\/pages"}],"about":[{"href":"https:\/\/www.winzerhotel-storr.de\/fgrut\/wp-json\/wp\/v2\/types\/page"}],"author":[{"embeddable":true,"href":"https:\/\/www.winzerhotel-storr.de\/fgrut\/wp-json\/wp\/v2\/users\/1"}],"replies":[{"embeddable":true,"href":"https:\/\/www.winzerhotel-storr.de\/fgrut\/wp-json\/wp\/v2\/comments?post=330"}],"version-history":[{"count":1,"href":"https:\/\/www.winzerhotel-storr.de\/fgrut\/wp-json\/wp\/v2\/pages\/330\/revisions"}],"predecessor-version":[{"id":607,"href":"https:\/\/www.winzerhotel-storr.de\/fgrut\/wp-json\/wp\/v2\/pages\/330\/revisions\/607"}],"wp:attachment":[{"href":"https:\/\/www.winzerhotel-storr.de\/fgrut\/wp-json\/wp\/v2\/media?parent=330"}],"curies":[{"name":"wp","href":"https:\/\/api.w.org\/{rel}","templated":true}]}}