{"id":2,"date":"2016-10-10T11:13:42","date_gmt":"2016-10-10T09:13:42","guid":{"rendered":"http:\/\/www.winzerhotel-storr.de\/fgrut\/?page_id=2"},"modified":"2024-03-18T09:51:09","modified_gmt":"2024-03-18T08:51:09","slug":"beispiel-seite","status":"publish","type":"page","link":"https:\/\/www.winzerhotel-storr.de\/fgrut\/","title":{"rendered":"Willkommen"},"content":{"rendered":"<div   class='avia-fullscreen-slider main_color   avia-builder-el-0  el_before_av_two_third  avia-builder-el-first  container_wrap sidebar_right'  ><div  class='avia-slideshow av-ltssujcr-33b2d92f69a7f242c0722326897f6267 avia-slideshow-no scaling av_fullscreen avia-slide-slider av-slideshow-ui av-control-default av-slideshow-manual av-loop-once av-loop-manual-endless av-default-height-applied   avia-slideshow-1' data-slideshow-options=\"{&quot;animation&quot;:&quot;slide&quot;,&quot;autoplay&quot;:false,&quot;loop_autoplay&quot;:&quot;once&quot;,&quot;interval&quot;:5,&quot;loop_manual&quot;:&quot;manual-endless&quot;,&quot;autoplay_stopper&quot;:false,&quot;noNavigation&quot;:false,&quot;bg_slider&quot;:true,&quot;keep_padding&quot;:false,&quot;hoverpause&quot;:false,&quot;show_slide_delay&quot;:0,&quot;slide_height&quot;:&quot;100&quot;,&quot;image_attachment&quot;:&quot;&quot;}\"  itemprop=\"image\" itemscope=\"itemscope\" itemtype=\"https:\/\/schema.org\/ImageObject\" ><ul class='avia-slideshow-inner ' style='padding-bottom: 66.666666666667%;'><li style='background-position:center center;' data-img-url='https:\/\/www.winzerhotel-storr.de\/fgrut\/wp-content\/uploads\/2024\/03\/weinglaeser.jpg' class='avia-slideshow-slide av-ltssujcr-33b2d92f69a7f242c0722326897f6267__0  av-single-slide slide-1 slide-odd'><div data-rel='slideshow-1' class='avia-slide-wrap '   ><div class='av-slideshow-caption av-ltssujcr-33b2d92f69a7f242c0722326897f6267__0 caption_fullwidth caption_bottom'><div class=\"container caption_container\"><div class=\"slideshow_caption\"><div class=\"slideshow_inner_caption\"><div class=\"slideshow_align_caption\"><h2 class='avia-caption-title '  itemprop=\"name\" >Entdecken Sie die Vielfalt von Rheinhessen<\/h2><div class='avia-caption-content '  itemprop=\"description\" ><p>Weineinkauf im Weingut Storr<\/p>\n<\/div><a href='https:\/\/www.winzerhotel-storr.de\/fgrut\/weineinkauf\/'  class='avia-slideshow-button avia-button avia-color-light ' data-duration='800' data-easing='easeInOutQuad'>zum Weinshop<\/a><\/div><\/div><\/div><\/div><\/div><\/div><\/li><\/ul><\/div><\/div><div id='after_full_slider_1'  class='main_color av_default_container_wrap container_wrap sidebar_right'  ><div class='container av-section-cont-open' ><div class='template-page content  av-content-small alpha units'><div class='post-entry post-entry-type-page post-entry-2'><div class='entry-content-wrapper clearfix'>\n\n<style type=\"text\/css\" data-created_by=\"avia_inline_auto\" id=\"style-css-av-dkng-54dfc164b1ca9f82406b2363832e80f2\">\n.flex_column.av-dkng-54dfc164b1ca9f82406b2363832e80f2{\nborder-radius:0px 0px 0px 0px;\npadding:0px 0px 0px 0px;\n}\n<\/style>\n<div  class='flex_column av-dkng-54dfc164b1ca9f82406b2363832e80f2 av_two_third  avia-builder-el-1  el_after_av_fullscreen  el_before_av_one_third  avia-builder-el-first  first flex_column_div av-zero-column-padding  '     ><p>\n<style type=\"text\/css\" data-created_by=\"avia_inline_auto\" id=\"style-css-av-rpdw-a990e32b4045600f2cb078e27dd586ef\">\n#top .av-special-heading.av-rpdw-a990e32b4045600f2cb078e27dd586ef{\npadding-bottom:10px;\n}\nbody .av-special-heading.av-rpdw-a990e32b4045600f2cb078e27dd586ef .av-special-heading-tag .heading-char{\nfont-size:25px;\n}\n.av-special-heading.av-rpdw-a990e32b4045600f2cb078e27dd586ef .av-subheading{\nfont-size:15px;\n}\n<\/style>\n<div  class='av-special-heading av-rpdw-a990e32b4045600f2cb078e27dd586ef av-special-heading-h3  avia-builder-el-2  el_before_av_textblock  avia-builder-el-first '><h3 class='av-special-heading-tag'  itemprop=\"headline\"  >Herzlich willkommen<\/h3><div class=\"special-heading-border\"><div class=\"special-heading-inner-border\"><\/div><\/div><\/div><br \/>\n<section  class='av_textblock_section av-oynq-f570374bcbaec0f05aefb8b0cc6e8640 '   itemscope=\"itemscope\" itemtype=\"https:\/\/schema.org\/CreativeWork\" ><div class='avia_textblock'  itemprop=\"text\" ><p>Wir freuen uns, Sie in unserem Weingut und Winzerhotel Himmelacker willkommen zu hei\u00dfen. Genie\u00dfen Sie die entspannte Atmosph\u00e4re, die k\u00f6stlichen Weine und die gem\u00fctlichen Zimmer.<span class=\"Apple-converted-space\">\u00a0<\/span><\/p>\n<p>Familie Storr<br \/>\nWesthofer Stra\u00dfe 1, D-55232 Alzey-Dautenheim<br \/>\nTel.: 06731-42112, Fax.: 06731-42680, winzerhotel.storr@t-online.de<\/p>\n<\/div><\/section><\/p><\/div>\n\n<style type=\"text\/css\" data-created_by=\"avia_inline_auto\" id=\"style-css-av-4kjo-bf7804b5e50cb05f7a4be3eda2afc30a\">\n.flex_column.av-4kjo-bf7804b5e50cb05f7a4be3eda2afc30a{\nborder-radius:0px 0px 0px 0px;\npadding:0px 0px 0px 0px;\n}\n<\/style>\n<div  class='flex_column av-4kjo-bf7804b5e50cb05f7a4be3eda2afc30a av_one_third  avia-builder-el-4  el_after_av_two_third  el_before_av_heading  flex_column_div av-zero-column-padding  '     ><div  class='avia-builder-widget-area clearfix  avia-builder-el-5  avia-builder-el-no-sibling '><div id=\"widget_sp_image-2\" class=\"widget clearfix widget_sp_image\"><img loading=\"lazy\" decoding=\"async\" width=\"200\" height=\"213\" class=\"attachment-full\" style=\"max-width: 100%;\" src=\"https:\/\/www.winzerhotel-storr.de\/fgrut\/wp-content\/uploads\/2016\/10\/logo3.png\" \/><\/div><\/div><\/div>\n\n<style type=\"text\/css\" data-created_by=\"avia_inline_auto\" id=\"style-css-av-ltsrxw9w-7fbb98e13448c7818204a40510d919ee\">\n#top .av-special-heading.av-ltsrxw9w-7fbb98e13448c7818204a40510d919ee{\npadding-bottom:10px;\n}\nbody .av-special-heading.av-ltsrxw9w-7fbb98e13448c7818204a40510d919ee .av-special-heading-tag .heading-char{\nfont-size:25px;\n}\n.av-special-heading.av-ltsrxw9w-7fbb98e13448c7818204a40510d919ee .av-subheading{\nfont-size:15px;\n}\n<\/style>\n<div  class='av-special-heading av-ltsrxw9w-7fbb98e13448c7818204a40510d919ee av-special-heading-h3 blockquote modern-quote  avia-builder-el-6  el_after_av_one_third  el_before_av_fullscreen  avia-builder-el-last '><h3 class='av-special-heading-tag'  itemprop=\"headline\"  >Winzerhotel Alzey-Dautenheim<\/h3><div class='av-subheading av-subheading_below'><p>Wo Tradition und Gastfreundschaft aufeinandertreffen<\/p>\n<\/div><div class=\"special-heading-border\"><div class=\"special-heading-inner-border\"><\/div><\/div><\/div>\n<\/div><\/div><\/div><!-- close content main div --><\/div><\/div><div   class='avia-fullscreen-slider main_color   avia-builder-el-7  el_after_av_heading  el_before_av_heading  slider-not-first container_wrap sidebar_right'  ><div  class='avia-slideshow av-8cp2-2ef2a35e0f06ba68683be3416493488d avia-slideshow-large av_fullscreen avia-slide-slider av-slideshow-ui av-control-default av-slideshow-manual av-loop-once av-loop-manual-endless av-default-height-applied   avia-slideshow-2' data-slideshow-options=\"{&quot;animation&quot;:&quot;slide&quot;,&quot;autoplay&quot;:false,&quot;loop_autoplay&quot;:&quot;once&quot;,&quot;interval&quot;:5,&quot;loop_manual&quot;:&quot;manual-endless&quot;,&quot;autoplay_stopper&quot;:false,&quot;noNavigation&quot;:false,&quot;bg_slider&quot;:true,&quot;keep_padding&quot;:false,&quot;hoverpause&quot;:false,&quot;show_slide_delay&quot;:0,&quot;slide_height&quot;:&quot;100&quot;,&quot;image_attachment&quot;:&quot;&quot;}\"  itemprop=\"image\" itemscope=\"itemscope\" itemtype=\"https:\/\/schema.org\/ImageObject\" ><ul class='avia-slideshow-inner ' style='padding-bottom: 53.980582524272%;'><li style='background-position:center center;' data-img-url='https:\/\/www.winzerhotel-storr.de\/fgrut\/wp-content\/uploads\/2024\/03\/collageHof_Weinbergshaus-1030x556.jpg' class='avia-slideshow-slide av-8cp2-2ef2a35e0f06ba68683be3416493488d__0  av-single-slide slide-1 slide-odd'><div data-rel='slideshow-2' class='avia-slide-wrap '   ><div class='av-slideshow-caption av-8cp2-2ef2a35e0f06ba68683be3416493488d__0 caption_fullwidth caption_bottom'><div class=\"container caption_container\"><div class=\"slideshow_caption\"><div class=\"slideshow_inner_caption\"><div class=\"slideshow_align_caption\"><h2 class='avia-caption-title '  itemprop=\"name\" >Winzerhotel Himmelacker<\/h2><div class='avia-caption-content '  itemprop=\"description\" ><p>Wo Tradition und Gastfreundschaft aufeinandertreffen<\/p>\n<\/div><a href='https:\/\/www.winzerhotel-storr.de\/fgrut\/winzerhotel\/'  class='avia-slideshow-button avia-button avia-color-light ' data-duration='800' data-easing='easeInOutQuad'>Winzerhotel<\/a><\/div><\/div><\/div><\/div><\/div><\/div><\/li><\/ul><\/div><\/div><div id='after_full_slider_2'  class='main_color av_default_container_wrap container_wrap sidebar_right'  ><div class='container av-section-cont-open' ><div class='template-page content  av-content-small alpha units'><div class='post-entry post-entry-type-page post-entry-2'><div class='entry-content-wrapper clearfix'>\n\n<style type=\"text\/css\" data-created_by=\"avia_inline_auto\" id=\"style-css-av-ltsstd15-297b81d0f00adf04c2bc6a9dbf0e156a\">\n#top .av-special-heading.av-ltsstd15-297b81d0f00adf04c2bc6a9dbf0e156a{\npadding-bottom:10px;\n}\nbody .av-special-heading.av-ltsstd15-297b81d0f00adf04c2bc6a9dbf0e156a .av-special-heading-tag .heading-char{\nfont-size:25px;\n}\n.av-special-heading.av-ltsstd15-297b81d0f00adf04c2bc6a9dbf0e156a .av-subheading{\nfont-size:15px;\n}\n<\/style>\n<div  class='av-special-heading av-ltsstd15-297b81d0f00adf04c2bc6a9dbf0e156a av-special-heading-h3 blockquote modern-quote  avia-builder-el-8  el_after_av_fullscreen  el_before_av_fullscreen  avia-builder-el-no-sibling '><h3 class='av-special-heading-tag'  itemprop=\"headline\"  >Genussvolle Weinmomente erleben:<\/h3><div class='av-subheading av-subheading_below'><p>Weinproben im Weingut Storr &#8211; eine exklusive Auswahl erlesener Weine aus den feinsten Lagen, Rebsorten, Jahrg\u00e4ngen und Pr\u00e4dikaten.<\/p>\n<\/div><div class=\"special-heading-border\"><div class=\"special-heading-inner-border\"><\/div><\/div><\/div>\n<\/div><\/div><\/div><!-- close content main div --><\/div><\/div><div   class='avia-fullscreen-slider main_color   avia-builder-el-9  el_after_av_heading  el_before_av_heading  slider-not-first container_wrap sidebar_right'  ><div  class='avia-slideshow av-ltss2s4c-0289fc08b881d3469e82dd511ec0efab avia-slideshow-no scaling av_fullscreen avia-slide-slider av-slideshow-ui av-control-default av-slideshow-manual av-loop-once av-loop-manual-endless av-default-height-applied   avia-slideshow-3' data-slideshow-options=\"{&quot;animation&quot;:&quot;slide&quot;,&quot;autoplay&quot;:false,&quot;loop_autoplay&quot;:&quot;once&quot;,&quot;interval&quot;:5,&quot;loop_manual&quot;:&quot;manual-endless&quot;,&quot;autoplay_stopper&quot;:false,&quot;noNavigation&quot;:false,&quot;bg_slider&quot;:true,&quot;keep_padding&quot;:false,&quot;hoverpause&quot;:false,&quot;show_slide_delay&quot;:0,&quot;slide_height&quot;:&quot;100&quot;,&quot;image_attachment&quot;:&quot;&quot;}\"  itemprop=\"image\" itemscope=\"itemscope\" itemtype=\"https:\/\/schema.org\/ImageObject\" ><ul class='avia-slideshow-inner ' style='padding-bottom: 56.25%;'><li style='background-position:center center;' data-img-url='https:\/\/www.winzerhotel-storr.de\/fgrut\/wp-content\/uploads\/2024\/03\/Weinflasche-und-Glaeser-vor-dem-Sonnenuntergang-scaled.jpg' class='avia-slideshow-slide av-ltss2s4c-0289fc08b881d3469e82dd511ec0efab__0  av-single-slide slide-1 slide-odd'><div data-rel='slideshow-3' class='avia-slide-wrap '   ><div class='av-slideshow-caption av-ltss2s4c-0289fc08b881d3469e82dd511ec0efab__0 caption_fullwidth caption_bottom'><div class=\"container caption_container\"><div class=\"slideshow_caption\"><div class=\"slideshow_inner_caption\"><div class=\"slideshow_align_caption\"><h2 class='avia-caption-title '  itemprop=\"name\" >Weinproben<\/h2><div class='avia-caption-content '  itemprop=\"description\" ><p>Entdecken Sie die Vielfalt von Rheinhessen<\/p>\n<\/div><a href='https:\/\/www.winzerhotel-storr.de\/fgrut\/weinproben\/'  class='avia-slideshow-button avia-button avia-color-light ' data-duration='800' data-easing='easeInOutQuad'>Weinproben<\/a><\/div><\/div><\/div><\/div><\/div><\/div><\/li><\/ul><\/div><\/div><div id='after_full_slider_3'  class='main_color av_default_container_wrap container_wrap sidebar_right'  ><div class='container av-section-cont-open' ><div class='template-page content  av-content-small alpha units'><div class='post-entry post-entry-type-page post-entry-2'><div class='entry-content-wrapper clearfix'>\n\n<style type=\"text\/css\" data-created_by=\"avia_inline_auto\" id=\"style-css-av-ltst2viq-c2feda0196e487dedf03b49bd6fd6e4a\">\n#top .av-special-heading.av-ltst2viq-c2feda0196e487dedf03b49bd6fd6e4a{\npadding-bottom:10px;\n}\nbody .av-special-heading.av-ltst2viq-c2feda0196e487dedf03b49bd6fd6e4a .av-special-heading-tag .heading-char{\nfont-size:25px;\n}\n.av-special-heading.av-ltst2viq-c2feda0196e487dedf03b49bd6fd6e4a .av-subheading{\nfont-size:15px;\n}\n<\/style>\n<div  class='av-special-heading av-ltst2viq-c2feda0196e487dedf03b49bd6fd6e4a av-special-heading-h3 blockquote modern-quote  avia-builder-el-10  el_after_av_fullscreen  el_before_av_fullscreen  avia-builder-el-no-sibling '><h3 class='av-special-heading-tag'  itemprop=\"headline\"  >Feiern Sie besondere Momente<\/h3><div class='av-subheading av-subheading_below'><p>Feste in entspannter Atmosph\u00e4re: Hochzeiten und Geburtstage im Weingut Storr &#8211; Feiern Sie mit uns!<\/p>\n<\/div><div class=\"special-heading-border\"><div class=\"special-heading-inner-border\"><\/div><\/div><\/div>\n<\/div><\/div><\/div><!-- close content main div --><\/div><\/div><div   class='avia-fullscreen-slider main_color   avia-builder-el-11  el_after_av_heading  el_before_av_hr  slider-not-first container_wrap sidebar_right'  ><div  class='avia-slideshow av-ltssza3d-fb424992762db9369f1e110b59ad7e33 avia-slideshow-no scaling av_fullscreen avia-slide-slider av-slideshow-ui av-control-default av-slideshow-manual av-loop-once av-loop-manual-endless av-default-height-applied   avia-slideshow-4' data-slideshow-options=\"{&quot;animation&quot;:&quot;slide&quot;,&quot;autoplay&quot;:false,&quot;loop_autoplay&quot;:&quot;once&quot;,&quot;interval&quot;:5,&quot;loop_manual&quot;:&quot;manual-endless&quot;,&quot;autoplay_stopper&quot;:false,&quot;noNavigation&quot;:false,&quot;bg_slider&quot;:true,&quot;keep_padding&quot;:false,&quot;hoverpause&quot;:false,&quot;show_slide_delay&quot;:0,&quot;slide_height&quot;:&quot;100&quot;,&quot;image_attachment&quot;:&quot;&quot;}\"  itemprop=\"image\" itemscope=\"itemscope\" itemtype=\"https:\/\/schema.org\/ImageObject\" ><ul class='avia-slideshow-inner ' style='padding-bottom: 66.666666666667%;'><li style='background-position:center center;' data-img-url='https:\/\/www.winzerhotel-storr.de\/fgrut\/wp-content\/uploads\/2024\/03\/feiern_scheune.jpg' class='avia-slideshow-slide av-ltssza3d-fb424992762db9369f1e110b59ad7e33__0  av-single-slide slide-1 slide-odd'><div data-rel='slideshow-4' class='avia-slide-wrap '   ><div class='av-slideshow-caption av-ltssza3d-fb424992762db9369f1e110b59ad7e33__0 caption_fullwidth caption_bottom'><div class=\"container caption_container\"><div class=\"slideshow_caption\"><div class=\"slideshow_inner_caption\"><div class=\"slideshow_align_caption\"><h2 class='avia-caption-title '  itemprop=\"name\" >Feiern im Weingut<\/h2><div class='avia-caption-content '  itemprop=\"description\" ><p>Hochzeiten, Firmenevents, Geburtstage &#8230;<\/p>\n<\/div><a href='https:\/\/www.winzerhotel-storr.de\/fgrut\/feiern-und-hochzeiten\/'  class='avia-slideshow-button avia-button avia-color-light ' data-duration='800' data-easing='easeInOutQuad'>Feiern im Weingut<\/a><\/div><\/div><\/div><\/div><\/div><\/div><\/li><\/ul><\/div><\/div><div id='after_full_slider_4'  class='main_color av_default_container_wrap container_wrap sidebar_right'  ><div class='container av-section-cont-open' ><div class='template-page content  av-content-small alpha units'><div class='post-entry post-entry-type-page post-entry-2'><div class='entry-content-wrapper clearfix'>\n<div  class='hr av-1jwa-9af7340972ae904ea5fb5cb2151d0da5 hr-default  avia-builder-el-12  el_after_av_fullscreen  el_before_av_content_slider  avia-builder-el-first '><span class='hr-inner '><span class=\"hr-inner-style\"><\/span><\/span><\/div>\n<div  class='avia-content-slider-element-container av-dfig-3c3fbf4a41be3ba6a27cb799f653dda1 avia-content-slider-element-slider avia-content-slider avia-smallarrow-slider avia-content-slider-active avia-content-slider-odd  avia-builder-el-13  el_after_av_hr  avia-builder-el-last  av-slideshow-ui av-control-default av-nav-arrows-visible av-nav-dots-visible av-no-slider-navigation av-slideshow-manual av-loop-once av-loop-manual-endless avia-content-slider1' data-slideshow-options=\"{&quot;animation&quot;:&quot;slide&quot;,&quot;autoplay&quot;:false,&quot;loop_autoplay&quot;:&quot;once&quot;,&quot;interval&quot;:5,&quot;loop_manual&quot;:&quot;manual-endless&quot;,&quot;autoplay_stopper&quot;:false,&quot;noNavigation&quot;:false,&quot;bg_slider&quot;:false,&quot;keep_padding&quot;:&quot;&quot;,&quot;hoverpause&quot;:false,&quot;show_slide_delay&quot;:30}\"><div class='avia-smallarrow-slider-heading '><div class='new-special-heading'><h3 class=''>Kundenstimmen (Google)<\/h3><\/div><div class='avia-slideshow-arrows avia-slideshow-controls' ><a href='#prev' class='prev-slide ' aria-hidden='true' data-av_icon='\ue87c' data-av_iconfont='entypo-fontello'  tabindex='-1'>Zur\u00fcck<\/a><a href='#next' class='next-slide ' aria-hidden='true' data-av_icon='\ue87d' data-av_iconfont='entypo-fontello'  tabindex='-1'>Weiter<\/a><\/div><\/div><div class=\"avia-content-slider-inner\"><div class=\"slide-entry-wrap\"><section class='slide-entry av-azr0-5819c9585c172fae29f7217d51cb76dd flex_column av_fullwidth post-entry slide-entry-overview slide-loop-1 slide-parity-odd  first'  itemscope=\"itemscope\" itemtype=\"https:\/\/schema.org\/CreativeWork\" ><h3 class='slide-entry-title entry-title '  itemprop=\"headline\" >Carola Olsson<\/h3><div class='slide-entry-excerpt entry-content'  itemprop=\"text\" ><p>Wow, welch ein wunderbares Erlebnis, sich auf den Spuren des Weines zu finden. Herr Storr Senior hat uns in seiner herzensguten Art sein imposantes Wissen in der gro\u00dfen Weinprobe auf dem Weingut, samt \u00dcbernachtung, in einer wirklich gem\u00fctlichen Atmosph\u00e4re nur f\u00fcr uns als frischverm\u00e4hltes Ehepaar mit humorvollen Anekdoten dargeboten. Er hat uns somit mit auf seinen gro\u00dfen interessanten Lebensweg genommen. Es wurde gelacht, gescherzt und auf jede Frage, die wir hatten, gab es prompt eine Antwort. Und nat\u00fcrlich wurde auch Wein getrunken &#8211; probiert, was dem Gaumen gef\u00e4llt. Dazu gab es eine Kleinigkeit zum Verzehr, eine leckere K\u00e4secreme und eine Brezel. Rundum ein wirkliches Special f\u00fcr Genie\u00dfer und Wissbegierige, die sich f\u00fcr die Weinkultur interessieren.<br \/>\nHerzlichen Dank f\u00fcr die sch\u00f6nen Momente, die wir bei Ihnen erleben durften. Wir behalten diesen langen Abend, der einen musikalischen Ausklang besa\u00df, in bester Erinnerung und werden regelm\u00e4\u00dfig f\u00fcr Nachschub per Bestellung sorgen, um weiterhin diese Kultur schl\u00fcrftechnisch(&#8230;LCHCH&#8230; \ud83d\ude42 )zu kredenzen und dadurch unsere beider Gaumen gro\u00dfz\u00fcgig weintechnisch verw\u00f6hnen zu k\u00f6nnen. Herrlich, wir freuen uns darauf!<br \/>\nIhnen und Ihrer Familie Gesundheit und alles Liebe! God bless you!<\/p>\n<\/div><\/section><\/div><div class=\"slide-entry-wrap\"><section class='slide-entry av-91qq-df85ce8c65094a0625885d991878eb01 flex_column av_fullwidth post-entry slide-entry-overview slide-loop-2 slide-parity-odd  first'  itemscope=\"itemscope\" itemtype=\"https:\/\/schema.org\/CreativeWork\" ><h3 class='slide-entry-title entry-title '  itemprop=\"headline\" >Roger G\u00f6tzl<\/h3><div class='slide-entry-excerpt entry-content'  itemprop=\"text\" ><p>Legend\u00e4re Planwagenfahrt mit dem Chef Herrn Storr. Die Fahrt dreht sich nicht nur um Wein, sondern auch um &#8222;Nachhaltigkeit&#8220; Windkraft f\u00fcr das Weingut und ein Planetenweg im Weinberg. Uns hat es allen gefallen, besonders die anschlie\u00dfende Weinprobe im Weingut.<\/p>\n<\/div><\/section><\/div><div class=\"slide-entry-wrap\"><section class='slide-entry av-7p6o-de7997a536bd9212d63ad59a0a4b2542 flex_column av_fullwidth post-entry slide-entry-overview slide-loop-3 slide-parity-odd  first'  itemscope=\"itemscope\" itemtype=\"https:\/\/schema.org\/CreativeWork\" ><h3 class='slide-entry-title entry-title '  itemprop=\"headline\" >Daniela Wissmer<\/h3><div class='slide-entry-excerpt entry-content'  itemprop=\"text\" ><p>Heute begleitete ich eine freie Trauung im Weingut Storr, welches auch einer Au\u00dfenstelle des Standesamtes Alzey (Stadt) ist. Ein Familienbetrieb, richtig gem\u00fctlich und liebevoll gestaltet. Nat\u00fcrlich gibt es dort leckeren Wein und Traubensaft. Ebenfalls stehen 19 G\u00e4stezimmer zur Verf\u00fcgung. Weinprobe bietet und begleitet der Senior sogar noch selbst. Meine freie Trauung war auf der Freilichtb\u00fchne des Weingutes, welche etwas einzigartiges &amp; gro\u00dfartiges von Stimmung, Ambiente und Individualit\u00e4t war. Danke f\u00fcr den prima Service und die liebevolle Gestaltung.<\/p>\n<\/div><\/section><\/div><div class=\"slide-entry-wrap\"><section class='slide-entry av-5vt2-32d587b12a594434a840724642e6f9d4 flex_column av_fullwidth post-entry slide-entry-overview slide-loop-4 slide-parity-odd  first'  itemscope=\"itemscope\" itemtype=\"https:\/\/schema.org\/CreativeWork\" ><h3 class='slide-entry-title entry-title '  itemprop=\"headline\" >Axel Hahn<\/h3><div class='slide-entry-excerpt entry-content'  itemprop=\"text\" ><p>Wir haben eine sch\u00f6ne, unterhaltsame Weinprobe erleben d\u00fcrfen. Herr Storr senior hat wundersch\u00f6n durch den Abend gef\u00fchrt. Herr Storr und ich haben noch auf dem Klavier unser bestes gegeben und hatten einen wirklich wundersch\u00f6nen Abend. Sehr gerne wieder<\/p>\n<\/div><\/section><\/div><div class=\"slide-entry-wrap\"><section class='slide-entry av-2s02-213605ccf3fb635ba7212874377be3ba flex_column av_fullwidth post-entry slide-entry-overview slide-loop-5 slide-parity-odd  post-entry-last  first'  itemscope=\"itemscope\" itemtype=\"https:\/\/schema.org\/CreativeWork\" ><h3 class='slide-entry-title entry-title '  itemprop=\"headline\" >Thomas Bartruff<\/h3><div class='slide-entry-excerpt entry-content'  itemprop=\"text\" ><p>Gute Weine und ein au\u00dferordentlich sympathischer Seniorchef. Die Weinprobe war definitiv die lustigste die wir je mitgemacht haben.<\/p>\n<\/div><\/section><\/div><\/div><\/div>\n","protected":false},"excerpt":{"rendered":"","protected":false},"author":1,"featured_media":0,"parent":0,"menu_order":0,"comment_status":"open","ping_status":"open","template":"","meta":{"footnotes":""},"class_list":["post-2","page","type-page","status-publish","hentry"],"_links":{"self":[{"href":"https:\/\/www.winzerhotel-storr.de\/fgrut\/wp-json\/wp\/v2\/pages\/2","targetHints":{"allow":["GET"]}}],"collection":[{"href":"https:\/\/www.winzerhotel-storr.de\/fgrut\/wp-json\/wp\/v2\/pages"}],"about":[{"href":"https:\/\/www.winzerhotel-storr.de\/fgrut\/wp-json\/wp\/v2\/types\/page"}],"author":[{"embeddable":true,"href":"https:\/\/www.winzerhotel-storr.de\/fgrut\/wp-json\/wp\/v2\/users\/1"}],"replies":[{"embeddable":true,"href":"https:\/\/www.winzerhotel-storr.de\/fgrut\/wp-json\/wp\/v2\/comments?post=2"}],"version-history":[{"count":44,"href":"https:\/\/www.winzerhotel-storr.de\/fgrut\/wp-json\/wp\/v2\/pages\/2\/revisions"}],"predecessor-version":[{"id":540,"href":"https:\/\/www.winzerhotel-storr.de\/fgrut\/wp-json\/wp\/v2\/pages\/2\/revisions\/540"}],"wp:attachment":[{"href":"https:\/\/www.winzerhotel-storr.de\/fgrut\/wp-json\/wp\/v2\/media?parent=2"}],"curies":[{"name":"wp","href":"https:\/\/api.w.org\/{rel}","templated":true}]}}